{"id":346,"date":"2020-10-29T02:25:05","date_gmt":"2020-10-29T02:25:05","guid":{"rendered":"http:\/\/caldasarauca.edu.co\/?page_id=346"},"modified":"2020-12-15T01:32:06","modified_gmt":"2020-12-15T01:32:06","slug":"juan-francisco-lara","status":"publish","type":"page","link":"https:\/\/caldasarauca.edu.co\/index.php\/juan-francisco-lara\/","title":{"rendered":"Juan Francisco Lara"},"content":{"rendered":"<p>[et_pb_section fb_built=\u00bb1&#8243; admin_label=\u00bbHeader\u00bb _builder_version=\u00bb3.24&#8243;][et_pb_row _builder_version=\u00bb3.25&#8243; custom_padding=\u00bb0px||0px|||\u00bb][et_pb_column type=\u00bb4_4&#8243; _builder_version=\u00bb3.25&#8243; custom_padding=\u00bb|||\u00bb custom_padding__hover=\u00bb|||\u00bb][et_pb_text _builder_version=\u00bb3.27.4&#8243; text_font=\u00bbLato||||||||\u00bb text_font_size=\u00bb22px\u00bb text_line_height=\u00bb1.8em\u00bb header_font=\u00bbPT Serif|700|||||||\u00bb header_font_size=\u00bb80px\u00bb header_line_height=\u00bb1.2em\u00bb text_font_size_tablet=\u00bb\u00bb text_font_size_phone=\u00bb18px\u00bb text_font_size_last_edited=\u00bbon|phone\u00bb header_font_size_tablet=\u00bb60px\u00bb header_font_size_phone=\u00bb36px\u00bb header_font_size_last_edited=\u00bbon|phone\u00bb]<\/p>\n<h1>Juan Francisco Lara<\/h1>\n<p>[\/et_pb_text][et_pb_text _builder_version=\u00bb4.6.2&#8243; _module_preset=\u00bbdefault\u00bb]<\/p>\n<p style=\"text-align: justify;\">La sede JUAN FRANCISCO LARA, debe su nombre a un personaje de nacionalidad venezolana llamado de la misma manera. Esta Sede abri\u00f3 sus puertas a la Comunidad Araucana en el a\u00f1o 1966; siendo su Directora la Maestra CARMEN LUZARDO DE CAMEJO (q.e.p.d.),<\/p>\n<p style=\"text-align: justify;\">funcionando los grados: Primero, Segundo, Tercero y Cuarto de la B\u00e1sica Primaria, con un promedio de 70 estudiantes, ubicado donde hoy es la Base Militar, en aquella \u00e9poca la Monta; luego fue trasladada donde hoy funcionan algunas oficinas de IDESA y actualmente contamos con sede propia.<\/p>\n<p style=\"text-align: justify;\">De 1968 a 1974 fue dirigida por varias Maestros como: ALICIA CONSTANZA MORALES, ESTRELLA MORA DIAZ, LUIS ALBERTO ARTEAGA, RAMON CAMEJO LOPEZ Y SOR JULIA INES HERNANDEZ.<\/p>\n<p style=\"text-align: justify;\">En el a\u00f1o 1975 fue nombrada la Especialista EVA ROJAS DE MANTILLA, quien cedi\u00f3 su cargo como Coordinador al Especialista JESUS HERNANDO GARRIDO BOSCAN en el a\u00f1o 2002, \u00e9l cual fue nombrado Secretario de Educaci\u00f3n Municipal en \u00e9ste a\u00f1o quedando en su reemplazo la Especialista BLANCA LEONOR MARTIN GUZMAN. Luego en el a\u00f1o 2010 ingresa por los procesos de meritocrac\u00eda\u00a0 a tomar posesi\u00f3n como Coordinador el Licienciado DAVID MACHADO MONTERREY quien est\u00e1 dirigiendo la instituci\u00f3n actualmente.<\/p>\n<p style=\"text-align: justify;\">La comunidad educativa est\u00e0 integrada por 380 estudiantes pertenecientes a los estratos -1, 1 y 2, 16 docentes especializados.<\/p>\n<p style=\"text-align: justify;\">La parte administrativa est\u00e1 a cargo de un coordinador: Lic. David Machado Monterrey quien cuenta con dos auxiliares para los servicios generales. El coordinador cuenta con el apoyo de la asociaci\u00f2n de Padres de Familia y de la junta de Padres quien estan pendientes del desarrollo de la instituci\u00f2n.<\/p>\n<p style=\"text-align: justify;\">Esta instituci\u00f3n educativa busca desarrollar en los ni\u00f1os, ni\u00f1as y j\u00f3venes la capacidad cr\u00edtica y anal\u00edtica, obteniendo una formaci\u00f3n integral que le permita desenvolverse como un Ser Social, Cultural y pensante progresivamente en su entorno.<\/p>\n<p style=\"text-align: justify;\">Adem\u00e1s integramos estudiantes (35) en dos Aulas Especializadas : Aula Multigradual de D\u00e9ficit Cognitivo donde se atiende una Poblaci\u00f3n con necesidades Educativas Especiales Permanente y el Aula donde funciona el Programa Aceleraci\u00f3n del Aprendizaje, \u00e9l cual busca ofrecer a los estudiantes en Extraedad una Experiencia interesante, din\u00e1mica, donde puedan redescubrir el placer de ir a la escuela y de aprender saboreando el \u00c9xito desde el primer d\u00eda de clases.<\/p>\n<p style=\"text-align: justify;\">La misi\u00f3n de la instituci\u00f3n es desarrollar un Programa de Mejoramiento de Calidad de vida espiritual, material y cultural de la Comunidad Educativa, mediante la b\u00fasqueda de la Excelencia Humana y Acad\u00e9mica cuyo objetivo de Aprendizaje y Ense\u00f1anza es el desarrollo de competencias sobre el Ser, el Convivir, el Hacer y el Aprender. Para lograr esta misi\u00f3n contamos con el apoyo del club de leones Arauca Monarca a trav\u00e9s de su programa bandera LEONES EDUCANDO.<\/p>\n<p style=\"text-align: justify;\">La Sede JUAN FRANCISCO LARA ofrece un espacio amplio para la Recreaci\u00f3n y el Deporte, Zonas Verdes, Huerta Escolar para la implementaci\u00f3n de Cultivos, Restaurante Escolar, sal\u00f2n de audiovisules.<\/p>\n<p style=\"text-align: justify;\">En el Campo Pedag\u00f3gico se cuenta con 14 Aulas de Clase Regulares adecuadas al n\u00famero de estudiantes y con un mobiliario en excelentes condiciones para los niveles de Preescolar y B\u00e1sica Primaria de 1\u00ba a 5\u00ba. Adem\u00e1s contamos con una sala de inform\u00e1tica con 22 euipos de los cuales 16, est\u00e1n conectamos con internet a trav\u00e9s del programa Compartel.<\/p>\n<p style=\"text-align: justify;\">Desde el a\u00f1o 2003 pasamos a formar parte de la INSTITUCI\u00d3N EDUCATIVA FRANCISCO JOSE DE CALDAS.<\/p>\n<p style=\"text-align: justify;\">La instituci\u00f3n se proyecta hacia la Comunidad con el desarrollo de dos cursos de Inform\u00e1tica avalados por el SENA para los Padres de Familia y Comunidad en General con lo que se busca el aprovechamiento de los Recursos Pedag\u00f3gicos. Tambi\u00e9n se desarrolla el Proyecto de Cultivo de Hortalizas, cuyos cultivadores y beneficiarios son las Madres Comunitarias, Madres Cabeza de Familia y estudiantes de todos los Grados.<\/p>\n<p style=\"text-align: justify;\">En la instituci\u00f3n se desarrollan los siguientes proyectos:<\/p>\n<p style=\"text-align: justify;\">\n<ul style=\"text-align: justify;\">\n<li><strong>Proyecto de Democracia:<\/strong><span>\u00a0<\/span>El cual busca desarrollar un proceso de formaci\u00f3n y acci\u00f3n social a trav\u00e9s de la pr\u00e1ctica de valores sociales, morales y espirituales con los cuales se aprende a convivir en paz y armon\u00eda consigo mismo, con los dem\u00e1s y con su entorno.<\/li>\n<\/ul>\n<p style=\"text-align: justify;\">\n<ul style=\"text-align: justify;\">\n<li><strong>Proyecto de Medio Ambiente:<\/strong><span>\u00a0<\/span>Busca formar una conciencia ambiental en la comunidad educativa, para que desarrolle acciones que conlleven al mejoramiento del Medio Ambiente.<\/li>\n<\/ul>\n<p style=\"text-align: justify;\">\n<ul style=\"text-align: justify;\">\n<li><strong>Proyecto de Aprovechamiento del Tiempo Libre:<\/strong><span>\u00a0<\/span>Facilita espacios de formaci\u00f3n que fortalezcan y enriquezcan integralmente a los ni\u00f1os, ni\u00f1as y j\u00f3venes de la Comunidad Larense. Reafirmando el autoconocimiento, el autoestima, la interacci\u00f3n y la equidad.<\/li>\n<\/ul>\n<p style=\"text-align: justify;\">\n<ul style=\"text-align: justify;\">\n<li><strong>Proyecto de Educaci\u00f3n Sexual:<\/strong><span>\u00a0<\/span>una propuesta de transformaci\u00f3n y construcci\u00f3n de la cultura sexual de la instituci\u00f3n educativa a nivel de afectos, conocimientos, actitudes, comportamientos y valores\u201d.<\/li>\n<\/ul>\n<p style=\"text-align: justify;\">\n<hr \/>\n<p style=\"text-align: justify;\">[Este art\u00edculo fue publicado inicialmente por Claudia Bautista Forero Meza, en el<span>\u00a0<\/span><a href=\"http:\/\/larauca.blogspot.com\/2006\/09\/sede-educativa-juan-francisco-lara.html\" title=\"Blog Sede Juan Francisco Lara\">blog<\/a><span>\u00a0<\/span>de la Institucion, el 27 de septiembre de 2006].<\/p>\n<p>[\/et_pb_text][\/et_pb_column][\/et_pb_row][\/et_pb_section][et_pb_section fb_built=\u00bb1&#8243; specialty=\u00bbon\u00bb padding_2_tablet=\u00bb18vw||\u00bb padding_2_phone=\u00bb28vw||\u00bb padding_2_last_edited=\u00bboff|phone\u00bb _builder_version=\u00bb4.6.6&#8243; use_background_color_gradient=\u00bbon\u00bb background_color_gradient_start=\u00bbrgba(36,46,66,0.44)\u00bb background_color_gradient_end=\u00bbrgba(36,46,66,0.8)\u00bb background_color_gradient_type=\u00bbradial\u00bb background_color_gradient_direction_radial=\u00bbright\u00bb background_color_gradient_end_position=\u00bb50%\u00bb background_color_gradient_overlays_image=\u00bbon\u00bb background_image=\u00bbhttp:\/\/caldasarauca.edu.co\/wp-content\/uploads\/2020\/11\/JFL2-scaled.jpg\u00bb][et_pb_column type=\u00bb1_2&#8243; _builder_version=\u00bb3.25&#8243; custom_padding=\u00bb|||\u00bb custom_padding__hover=\u00bb|||\u00bb][et_pb_contact_form use_spam_service=\u00bbon\u00bb recaptcha_list=\u00bbundefined|none\u00bb title=\u00bbContactenos\u00bb custom_message=\u00bbMi mensaje es %%telefono%% \u00bb submit_button_text=\u00bbEnviar\u00bb module_id=\u00bbet_pb_contact_form_1&#8243; _builder_version=\u00bb4.6.2&#8243; form_field_background_color=\u00bbrgba(0,0,0,0)\u00bb form_field_text_color=\u00bb#ffffff\u00bb title_font=\u00bbPT Serif|700|||||||\u00bb title_text_color=\u00bb#ffffff\u00bb title_font_size=\u00bb42px\u00bb title_line_height=\u00bb1.2em\u00bb captcha_font=\u00bb||||||||\u00bb form_field_font=\u00bbLato||||||||\u00bb form_field_font_size=\u00bb16px\u00bb form_field_line_height=\u00bb1.8em\u00bb custom_button=\u00bbon\u00bb button_text_size=\u00bb14px\u00bb button_text_color=\u00bb#2a2a2a\u00bb button_bg_color=\u00bb#ffc600&#8243; button_border_width=\u00bb12px\u00bb button_border_color=\u00bbrgba(0,0,0,0)\u00bb button_border_radius=\u00bb0px\u00bb button_letter_spacing=\u00bb4px\u00bb button_font=\u00bbLato|700||on|||||\u00bb button_icon=\u00bb%%3%%\u00bb title_font_size_tablet=\u00bb\u00bb title_font_size_phone=\u00bb36px\u00bb title_font_size_last_edited=\u00bbon|desktop\u00bb border_width_all=\u00bb2px\u00bb border_color_all=\u00bbrgba(255,255,255,0.12)\u00bb locked=\u00bboff\u00bb][et_pb_contact_field field_id=\u00bbNombre\u00bb field_title=\u00bbNombre\u00bb fullwidth_field=\u00bbon\u00bb _builder_version=\u00bb4.6.2&#8243; button_text_size__hover_enabled=\u00bboff\u00bb button_one_text_size__hover_enabled=\u00bboff\u00bb button_two_text_size__hover_enabled=\u00bboff\u00bb button_text_color__hover_enabled=\u00bboff\u00bb button_one_text_color__hover_enabled=\u00bboff\u00bb button_two_text_color__hover_enabled=\u00bboff\u00bb button_border_width__hover_enabled=\u00bboff\u00bb button_one_border_width__hover_enabled=\u00bboff\u00bb button_two_border_width__hover_enabled=\u00bboff\u00bb button_border_color__hover_enabled=\u00bboff\u00bb button_one_border_color__hover_enabled=\u00bboff\u00bb button_two_border_color__hover_enabled=\u00bboff\u00bb button_border_radius__hover_enabled=\u00bboff\u00bb button_one_border_radius__hover_enabled=\u00bboff\u00bb button_two_border_radius__hover_enabled=\u00bboff\u00bb button_letter_spacing__hover_enabled=\u00bboff\u00bb button_one_letter_spacing__hover_enabled=\u00bboff\u00bb button_two_letter_spacing__hover_enabled=\u00bboff\u00bb button_bg_color__hover_enabled=\u00bboff\u00bb button_one_bg_color__hover_enabled=\u00bboff\u00bb button_two_bg_color__hover_enabled=\u00bboff\u00bb][\/et_pb_contact_field][et_pb_contact_field field_id=\u00bbEmail\u00bb field_title=\u00bbCorreo electronico\u00bb field_type=\u00bbemail\u00bb fullwidth_field=\u00bbon\u00bb _builder_version=\u00bb4.6.2&#8243; button_text_size__hover_enabled=\u00bboff\u00bb button_one_text_size__hover_enabled=\u00bboff\u00bb button_two_text_size__hover_enabled=\u00bboff\u00bb button_text_color__hover_enabled=\u00bboff\u00bb button_one_text_color__hover_enabled=\u00bboff\u00bb button_two_text_color__hover_enabled=\u00bboff\u00bb button_border_width__hover_enabled=\u00bboff\u00bb button_one_border_width__hover_enabled=\u00bboff\u00bb button_two_border_width__hover_enabled=\u00bboff\u00bb button_border_color__hover_enabled=\u00bboff\u00bb button_one_border_color__hover_enabled=\u00bboff\u00bb button_two_border_color__hover_enabled=\u00bboff\u00bb button_border_radius__hover_enabled=\u00bboff\u00bb button_one_border_radius__hover_enabled=\u00bboff\u00bb button_two_border_radius__hover_enabled=\u00bboff\u00bb button_letter_spacing__hover_enabled=\u00bboff\u00bb button_one_letter_spacing__hover_enabled=\u00bboff\u00bb button_two_letter_spacing__hover_enabled=\u00bboff\u00bb button_bg_color__hover_enabled=\u00bboff\u00bb button_one_bg_color__hover_enabled=\u00bboff\u00bb button_two_bg_color__hover_enabled=\u00bboff\u00bb][\/et_pb_contact_field][et_pb_contact_field field_id=\u00bbtelefono\u00bb field_title=\u00bbTelefono\u00bb max_length=\u00bb10&#8243; allowed_symbols=\u00bbnumbers\u00bb fullwidth_field=\u00bbon\u00bb _builder_version=\u00bb4.6.2&#8243; _module_preset=\u00bbdefault\u00bb][\/et_pb_contact_field][et_pb_contact_field field_id=\u00bbMessage\u00bb field_title=\u00bbMensaje\u00bb field_type=\u00bbtext\u00bb fullwidth_field=\u00bbon\u00bb _builder_version=\u00bb4.6.2&#8243; button_text_size__hover_enabled=\u00bboff\u00bb button_one_text_size__hover_enabled=\u00bboff\u00bb button_two_text_size__hover_enabled=\u00bboff\u00bb button_text_color__hover_enabled=\u00bboff\u00bb button_one_text_color__hover_enabled=\u00bboff\u00bb button_two_text_color__hover_enabled=\u00bboff\u00bb button_border_width__hover_enabled=\u00bboff\u00bb button_one_border_width__hover_enabled=\u00bboff\u00bb button_two_border_width__hover_enabled=\u00bboff\u00bb button_border_color__hover_enabled=\u00bboff\u00bb button_one_border_color__hover_enabled=\u00bboff\u00bb button_two_border_color__hover_enabled=\u00bboff\u00bb button_border_radius__hover_enabled=\u00bboff\u00bb button_one_border_radius__hover_enabled=\u00bboff\u00bb button_two_border_radius__hover_enabled=\u00bboff\u00bb button_letter_spacing__hover_enabled=\u00bboff\u00bb button_one_letter_spacing__hover_enabled=\u00bboff\u00bb button_two_letter_spacing__hover_enabled=\u00bboff\u00bb button_bg_color__hover_enabled=\u00bboff\u00bb button_one_bg_color__hover_enabled=\u00bboff\u00bb button_two_bg_color__hover_enabled=\u00bboff\u00bb][\/et_pb_contact_field][\/et_pb_contact_form][\/et_pb_column][et_pb_column type=\u00bb1_2&#8243; specialty_columns=\u00bb2&#8243; _builder_version=\u00bb3.25&#8243; custom_padding=\u00bb|||\u00bb custom_padding__hover=\u00bb|||\u00bb][et_pb_row_inner use_custom_gutter=\u00bbon\u00bb gutter_width=\u00bb2&#8243; _builder_version=\u00bb3.25&#8243; background_color=\u00bb#ffffff\u00bb custom_margin=\u00bb|||||false\u00bb custom_padding=\u00bb60px|30px|0px|30px||true\u00bb box_shadow_style=\u00bbpreset3&#8243; box_shadow_vertical=\u00bb185px\u00bb box_shadow_blur=\u00bb135px\u00bb box_shadow_spread=\u00bb-15px\u00bb box_shadow_color=\u00bbrgba(0,0,0,0.15)\u00bb locked=\u00bboff\u00bb][et_pb_column_inner saved_specialty_column_type=\u00bb1_2&#8243; _builder_version=\u00bb3.25&#8243; custom_padding=\u00bb|||\u00bb custom_padding__hover=\u00bb|||\u00bb][et_pb_text _builder_version=\u00bb4.6.2&#8243; header_font=\u00bb||||||||\u00bb header_3_font=\u00bbPT Serif|700|||||||\u00bb header_3_line_height=\u00bb1.4em\u00bb locked=\u00bboff\u00bb]<\/p>\n<h3>Para consular<\/h3>\n<p>[\/et_pb_text][\/et_pb_column_inner][\/et_pb_row_inner][et_pb_row_inner column_structure=\u00bb1_2,1_2&#8243; use_custom_gutter=\u00bbon\u00bb gutter_width=\u00bb2&#8243; _builder_version=\u00bb3.25&#8243; background_color=\u00bb#ffffff\u00bb custom_padding=\u00bb|30px|0px|30px||true\u00bb box_shadow_style=\u00bbpreset3&#8243; box_shadow_vertical=\u00bb185px\u00bb box_shadow_blur=\u00bb135px\u00bb box_shadow_spread=\u00bb-15px\u00bb box_shadow_color=\u00bbrgba(0,0,0,0.15)\u00bb][et_pb_column_inner type=\u00bb1_2&#8243; saved_specialty_column_type=\u00bb1_2&#8243; _builder_version=\u00bb3.25&#8243; custom_padding=\u00bb|||\u00bb custom_padding__hover=\u00bb|||\u00bb][et_pb_blurb title=\u00bbCall Us\u00bb use_icon=\u00bbon\u00bb font_icon=\u00bb%%264%%\u00bb icon_color=\u00bb#93adcf\u00bb icon_placement=\u00bbleft\u00bb content_max_width=\u00bb1100px\u00bb use_icon_font_size=\u00bbon\u00bb icon_font_size=\u00bb26px\u00bb _builder_version=\u00bb3.24&#8243; header_font=\u00bbLato||||||||\u00bb header_font_size=\u00bb18px\u00bb header_line_height=\u00bb1.4em\u00bb body_font=\u00bb||||||||\u00bb body_link_font=\u00bb||||||||\u00bb body_link_text_color=\u00bb#ff3314&#8243; custom_margin=\u00bb||8px\u00bb animation=\u00bboff\u00bb locked=\u00bboff\u00bb]<\/p>\n<p>(235) 346-2243<br \/> <span style=\"font-size: 14px;\">Available 8am &#8211; 5pm PST<\/span><\/p>\n<p>[\/et_pb_blurb][\/et_pb_column_inner][et_pb_column_inner type=\u00bb1_2&#8243; saved_specialty_column_type=\u00bb1_2&#8243; _builder_version=\u00bb3.25&#8243; custom_padding=\u00bb|||\u00bb custom_padding__hover=\u00bb|||\u00bb][et_pb_blurb title=\u00bbEmail Us\u00bb use_icon=\u00bbon\u00bb font_icon=\u00bb%%238%%\u00bb icon_color=\u00bb#93adcf\u00bb icon_placement=\u00bbleft\u00bb content_max_width=\u00bb1100px\u00bb use_icon_font_size=\u00bbon\u00bb icon_font_size=\u00bb26px\u00bb _builder_version=\u00bb3.24&#8243; header_font=\u00bbLato||||||||\u00bb header_font_size=\u00bb18px\u00bb header_line_height=\u00bb1.4em\u00bb body_font=\u00bb||||||||\u00bb body_link_font=\u00bb||||||||\u00bb body_link_text_color=\u00bb#ff3314&#8243; custom_margin=\u00bb||8px\u00bb animation=\u00bboff\u00bb locked=\u00bboff\u00bb]<\/p>\n<p><span style=\"font-size: 14px;\"><a href=\"mailto:info@divisights.com\">info@divisights.com<br \/> <\/a><\/span><span style=\"font-size: 14px;\">24hour response time<\/span><\/p>\n<p>[\/et_pb_blurb][\/et_pb_column_inner][\/et_pb_row_inner][et_pb_row_inner use_custom_gutter=\u00bbon\u00bb gutter_width=\u00bb2&#8243; _builder_version=\u00bb3.25&#8243; background_color=\u00bb#ffffff\u00bb custom_padding=\u00bb|30px|0px|30px||true\u00bb box_shadow_style=\u00bbpreset3&#8243; box_shadow_vertical=\u00bb185px\u00bb box_shadow_blur=\u00bb135px\u00bb box_shadow_spread=\u00bb-15px\u00bb box_shadow_color=\u00bbrgba(0,0,0,0.15)\u00bb locked=\u00bboff\u00bb][et_pb_column_inner saved_specialty_column_type=\u00bb1_2&#8243; _builder_version=\u00bb3.25&#8243; custom_padding=\u00bb|||\u00bb custom_padding__hover=\u00bb|||\u00bb][et_pb_text _builder_version=\u00bb4.6.2&#8243; header_font=\u00bb||||||||\u00bb header_3_font=\u00bbPT Serif|700|||||||\u00bb header_3_line_height=\u00bb1.4em\u00bb locked=\u00bboff\u00bb]<\/p>\n<h3>Ubicacion de la sede<\/h3>\n<p>[\/et_pb_text][\/et_pb_column_inner][\/et_pb_row_inner][et_pb_row_inner column_structure=\u00bb1_2,1_2&#8243; use_custom_gutter=\u00bbon\u00bb gutter_width=\u00bb2&#8243; _builder_version=\u00bb3.25&#8243; background_color=\u00bb#ffffff\u00bb custom_padding=\u00bb|30px|0px|30px||true\u00bb box_shadow_style=\u00bbpreset3&#8243; box_shadow_vertical=\u00bb185px\u00bb box_shadow_blur=\u00bb135px\u00bb box_shadow_spread=\u00bb-15px\u00bb box_shadow_color=\u00bbrgba(0,0,0,0.15)\u00bb][et_pb_column_inner type=\u00bb1_2&#8243; saved_specialty_column_type=\u00bb1_2&#8243; _builder_version=\u00bb3.25&#8243; custom_padding=\u00bb|||\u00bb custom_padding__hover=\u00bb|||\u00bb][et_pb_blurb title=\u00bbOffice\u00bb use_icon=\u00bbon\u00bb font_icon=\u00bb%%236%%\u00bb icon_color=\u00bb#93adcf\u00bb icon_placement=\u00bbleft\u00bb content_max_width=\u00bb1100px\u00bb use_icon_font_size=\u00bbon\u00bb icon_font_size=\u00bb26px\u00bb _builder_version=\u00bb3.24&#8243; header_font=\u00bbLato||||||||\u00bb header_font_size=\u00bb18px\u00bb header_line_height=\u00bb1.4em\u00bb body_font=\u00bb||||||||\u00bb body_link_font=\u00bb||||||||\u00bb body_link_text_color=\u00bb#ff3314&#8243; custom_margin=\u00bb||8px\u00bb animation=\u00bboff\u00bb locked=\u00bboff\u00bb]<\/p>\n<p><span style=\"font-size: 14px;\">12345 Divi St. #1000<br \/>San Francisco, CA 93512<br \/>Open 8am &#8211; 5pm PST<\/span><\/p>\n<p>[\/et_pb_blurb][\/et_pb_column_inner][et_pb_column_inner type=\u00bb1_2&#8243; saved_specialty_column_type=\u00bb1_2&#8243; _builder_version=\u00bb3.25&#8243; custom_padding=\u00bb|||\u00bb custom_padding__hover=\u00bb|||\u00bb][et_pb_blurb title=\u00bbMailing\u00bb use_icon=\u00bbon\u00bb font_icon=\u00bb%%243%%\u00bb icon_color=\u00bb#93adcf\u00bb icon_placement=\u00bbleft\u00bb content_max_width=\u00bb1100px\u00bb use_icon_font_size=\u00bbon\u00bb icon_font_size=\u00bb26px\u00bb _builder_version=\u00bb3.24&#8243; header_font=\u00bbLato||||||||\u00bb header_font_size=\u00bb18px\u00bb header_line_height=\u00bb1.4em\u00bb body_font=\u00bb||||||||\u00bb body_link_font=\u00bb||||||||\u00bb body_link_text_color=\u00bb#ff3314&#8243; custom_margin=\u00bb||8px\u00bb animation=\u00bboff\u00bb locked=\u00bboff\u00bb]<\/p>\n<p><span>5745 Extra Rd. 3B<br \/>San Francisco, CA 93512<br \/><\/span><\/p>\n<p>[\/et_pb_blurb][\/et_pb_column_inner][\/et_pb_row_inner][et_pb_row_inner use_custom_gutter=\u00bbon\u00bb gutter_width=\u00bb2&#8243; _builder_version=\u00bb3.25&#8243; background_color=\u00bb#ffffff\u00bb custom_margin=\u00bb||-120px\u00bb custom_padding=\u00bb|30px|60px|30px||true\u00bb box_shadow_style=\u00bbpreset3&#8243; box_shadow_vertical=\u00bb185px\u00bb box_shadow_blur=\u00bb135px\u00bb box_shadow_spread=\u00bb-15px\u00bb box_shadow_color=\u00bbrgba(0,0,0,0.15)\u00bb locked=\u00bboff\u00bb][et_pb_column_inner saved_specialty_column_type=\u00bb1_2&#8243; _builder_version=\u00bb3.25&#8243; custom_padding=\u00bb|||\u00bb custom_padding__hover=\u00bb|||\u00bb][et_pb_text _builder_version=\u00bb4.6.2&#8243; header_font=\u00bb||||||||\u00bb header_3_font=\u00bbPT Serif|700|||||||\u00bb header_3_line_height=\u00bb1.4em\u00bb locked=\u00bboff\u00bb]<\/p>\n<h3>Siguenos en<\/h3>\n<p>[\/et_pb_text][et_pb_social_media_follow _builder_version=\u00bb4.6.2&#8243;][et_pb_social_media_follow_network social_network=\u00bbfacebook\u00bb _builder_version=\u00bb3.24&#8243; background_color=\u00bb#3b5998&#8243; follow_button=\u00bboff\u00bb url_new_window=\u00bbon\u00bb]facebook[\/et_pb_social_media_follow_network][et_pb_social_media_follow_network social_network=\u00bbyoutube\u00bb _builder_version=\u00bb3.24&#8243; background_color=\u00bb#a82400&#8243; follow_button=\u00bboff\u00bb url_new_window=\u00bbon\u00bb]youtube[\/et_pb_social_media_follow_network][et_pb_social_media_follow_network social_network=\u00bbtwitter\u00bb _builder_version=\u00bb3.24&#8243; background_color=\u00bb#00aced\u00bb follow_button=\u00bboff\u00bb url_new_window=\u00bbon\u00bb]twitter[\/et_pb_social_media_follow_network][et_pb_social_media_follow_network social_network=\u00bbinstagram\u00bb _builder_version=\u00bb3.24&#8243; background_color=\u00bb#ea2c59&#8243; follow_button=\u00bboff\u00bb url_new_window=\u00bbon\u00bb]instagram[\/et_pb_social_media_follow_network][\/et_pb_social_media_follow][\/et_pb_column_inner][\/et_pb_row_inner][\/et_pb_column][\/et_pb_section][et_pb_section fb_built=\u00bb1&#8243; fullwidth=\u00bbon\u00bb admin_label=\u00bbMap\u00bb _builder_version=\u00bb3.24&#8243;][et_pb_fullwidth_code _builder_version=\u00bb4.7.0&#8243; _module_preset=\u00bbdefault\u00bb hover_enabled=\u00bb0&#8243; sticky_enabled=\u00bb0&#8243;]<iframe loading=\"lazy\" src=\"https:\/\/www.google.com\/maps\/embed?pb=!1m18!1m12!1m3!1d3959.4485780206614!2d-70.75059059952723!3d7.073876763619044!2m3!1f0!2f0!3f0!3m2!1i1024!2i768!4f13.1!3m3!1m2!1s0x8e6feb4058bf5755%3A0xee5b9d2990c20a3!2sIE%20Francisco%20Jose%20De%20Caldas%20-%20Sede%20principal!5e0!3m2!1ses!2sco!4v1603936664368!5m2!1ses!2sco\" width=\"2000\" height=\"440\" frameborder=\"0\" style=\"border:0;\" allowfullscreen=\"\" aria-hidden=\"false\" tabindex=\"0\"><\/iframe>[\/et_pb_fullwidth_code][\/et_pb_section][et_pb_section fb_built=\u00bb1&#8243; admin_label=\u00bbFooter\u00bb _builder_version=\u00bb4.6.2&#8243; use_background_color_gradient=\u00bbon\u00bb background_color_gradient_start=\u00bb#ffffff\u00bb background_color_gradient_end=\u00bbrgba(36,46,66,0)\u00bb background_color_gradient_end_position=\u00bb75%\u00bb background_color_gradient_overlays_image=\u00bbon\u00bb background_enable_image=\u00bboff\u00bb min_height=\u00bb399px\u00bb custom_padding=\u00bb||0vw|||\u00bb locked=\u00bboff\u00bb][et_pb_row _builder_version=\u00bb3.25&#8243; locked=\u00bboff\u00bb][et_pb_column type=\u00bb4_4&#8243; _builder_version=\u00bb3.25&#8243; custom_padding=\u00bb|||\u00bb custom_padding__hover=\u00bb|||\u00bb][et_pb_text _builder_version=\u00bb3.27.4&#8243; text_font=\u00bb||||||||\u00bb header_font=\u00bb||||||||\u00bb header_2_font=\u00bbPT Serif|700|||||||\u00bb header_2_font_size=\u00bb60px\u00bb header_2_line_height=\u00bb1.2em\u00bb text_orientation=\u00bbcenter\u00bb max_width=\u00bb600px\u00bb module_alignment=\u00bbcenter\u00bb custom_margin=\u00bb||15px\u00bb header_2_font_size_tablet=\u00bb42px\u00bb header_2_font_size_phone=\u00bb30px\u00bb header_2_font_size_last_edited=\u00bbon|tablet\u00bb locked=\u00bboff\u00bb]<\/p>\n<h2>Galer\u00eda de la sede<\/h2>\n<p>[\/et_pb_text][et_pb_gallery gallery_ids=\u00bb486,487,488,489,490,491,492,493,494,495&#8243; gallery_orderby=\u00bbrand\u00bb fullwidth=\u00bbon\u00bb _builder_version=\u00bb4.7.0&#8243; _module_preset=\u00bbdefault\u00bb][\/et_pb_gallery][\/et_pb_column][\/et_pb_row][\/et_pb_section]<\/p>\n","protected":false},"excerpt":{"rendered":"<p>Juan Francisco Lara La sede JUAN FRANCISCO LARA, debe su nombre a un personaje de nacionalidad venezolana llamado de la misma manera. Esta Sede abri\u00f3 sus puertas a la Comunidad Araucana en el a\u00f1o 1966; siendo su Directora la Maestra CARMEN LUZARDO DE CAMEJO (q.e.p.d.), funcionando los grados: Primero, Segundo, Tercero y Cuarto de la [&hellip;]<\/p>\n","protected":false},"author":1,"featured_media":0,"parent":0,"menu_order":0,"comment_status":"closed","ping_status":"closed","template":"","meta":{"_et_pb_use_builder":"on","_et_pb_old_content":"","_et_gb_content_width":"","footnotes":""},"class_list":["post-346","page","type-page","status-publish","hentry"],"_links":{"self":[{"href":"https:\/\/caldasarauca.edu.co\/index.php\/wp-json\/wp\/v2\/pages\/346","targetHints":{"allow":["GET"]}}],"collection":[{"href":"https:\/\/caldasarauca.edu.co\/index.php\/wp-json\/wp\/v2\/pages"}],"about":[{"href":"https:\/\/caldasarauca.edu.co\/index.php\/wp-json\/wp\/v2\/types\/page"}],"author":[{"embeddable":true,"href":"https:\/\/caldasarauca.edu.co\/index.php\/wp-json\/wp\/v2\/users\/1"}],"replies":[{"embeddable":true,"href":"https:\/\/caldasarauca.edu.co\/index.php\/wp-json\/wp\/v2\/comments?post=346"}],"version-history":[{"count":8,"href":"https:\/\/caldasarauca.edu.co\/index.php\/wp-json\/wp\/v2\/pages\/346\/revisions"}],"predecessor-version":[{"id":887,"href":"https:\/\/caldasarauca.edu.co\/index.php\/wp-json\/wp\/v2\/pages\/346\/revisions\/887"}],"wp:attachment":[{"href":"https:\/\/caldasarauca.edu.co\/index.php\/wp-json\/wp\/v2\/media?parent=346"}],"curies":[{"name":"wp","href":"https:\/\/api.w.org\/{rel}","templated":true}]}}